2, what is 7720b - -3?
77212
In base 8, what is -6717 - -13?
-6704
In base 5, what is 12 - 14303?
-14241
In base 2, what is 1111101100001001 + -11?
1111101100000110
In base 3, what is 100 - -20011222?
20012022
In base 7, what is -10311 + 5?
-10303
In base 4, what is -3311213 + 322?
-3310231
In base 2, what is 10011 - -1100110100111?
1100110111010
In base 14, what is -1 + -b9d8?
-b9d9
In base 2, what is -100111101 + -101100?
-101101001
In base 10, what is 147432 + 4?
147436
In base 11, what is 26a14 + -8?
26a07
In base 15, what is 1 - 33b0?
-33ae
In base 4, what is 3 + -1011132?
-1011123
In base 11, what is 3024 - -167?
3190
In base 15, what is d + a028?
a036
In base 14, what is -9 - -74327?
7431c
In base 11, what is 7076a + 3?
70772
In base 16, what is -c + ad2a?
ad1e
In base 13, what is -106 + -74?
-17a
In base 16, what is 2 - -d3226?
d3228
In base 16, what is 2 - 3dd2e?
-3dd2c
In base 7, what is -2 + 42514?
42512
In base 16, what is -c - -4a10?
4a04
In base 9, what is 3 - -431502?
431505
In base 14, what is -13 - -db3?
da0
In base 6, what is 33 - 454030?
-453553
In base 12, what is -2 + -343aa?
-343b0
In base 2, what is -10001 + -11001101111110?
-11001110001111
In base 14, what is -11 - -1c63?
1c52
In base 10, what is -3 + -52493?
-52496
In base 10, what is 15 - -552?
567
In base 7, what is 2454531 - 4?
2454524
In base 3, what is -122120111 + -2102?
-122122220
In base 14, what is 1a - -1294?
12b0
In base 16, what is -8f + -44?
-d3
In base 16, what is -4 + 1cffa?
1cff6
In base 10, what is 5 - -83199?
83204
In base 7, what is 254 - 12653?
-12366
In base 7, what is 12460 - -46?
12536
In base 6, what is 5413 - 422?
4551
In base 9, what is 103160 - -2?
103162
In base 10, what is 20 - 23274?
-23254
In base 5, what is 324 + -143200?
-142321
In base 2, what is 1 - -1000000010011?
1000000010100
In base 6, what is 5 - -245432?
245441
In base 6, what is 11 + -141321?
-141310
In base 5, what is -1 + 1340120?
1340114
In base 16, what is -4 - -39394?
39390
In base 14, what is 12746 - -4?
1274a
In base 10, what is -1 + 21292?
21291
In base 3, what is -12 + -2002200200?
-2002200212
In base 12, what is -4 + -102a3?
-102a7
In base 3, what is -1102102110120 + 11?
-1102102110102
In base 8, what is -2067 - -671?
-1176
In base 10, what is -4 + 4376?
4372
In base 4, what is 3300 - -33211?
103111
In base 10, what is -1 - 35303?
-35304
In base 2, what is -110000000011111010 + 100?
-110000000011110110
In base 13, what is -19c6a + 3?
-19c67
In base 2, what is 101111111000101 - 111?
101111110111110
In base 13, what is -13a + 2a?
-110
In base 12, what is -7 + 22123?
22118
In base 14, what is 38 - -6d?
a7
In base 12, what is -26270 - 8?
-26278
In base 14, what is 42 + -117?
-b5
In base 16, what is 84 - 35?
4f
In base 7, what is 2302616 - 5?
2302611
In base 2, what is -100110011001001100101 - 100?
-100110011001001101001
In base 10, what is 19 - -88881?
88900
In base 10, what is -265 - -1206?
941
In base 5, what is -212232043 - -10?
-212232033
In base 8, what is 71524 - -4?
71530
In base 12, what is -19 - 2?
-1b
In base 5, what is 2 - 1412?
-1410
In base 7, what is 54 + -2116?
-2032
In base 8, what is -4404 + -1?
-4405
In base 11, what is 43 + a99?
1031
In base 2, what is 11 - -11000000001011000?
11000000001011011
In base 16, what is -2e + 4302?
42d4
In base 7, what is -5 + 424425?
424420
In base 13, what is 4c2b5 - 1?
4c2b4
In base 16, what is -4589 + -5?
-458e
In base 3, what is 10222 - 111?
10111
In base 6, what is 5 + -4452502?
-4452453
In base 6, what is -20050 - 331?
-20421
In base 8, what is -232 - -456?
224
In base 6, what is 22244 - -53?
22341
In base 16, what is -43b + -d1?
-50c
In base 11, what is -17 - -1196?
117a
In base 2, what is -10000101101 + 1100?
-10000100001
In base 10, what is -251 - 71?
-322
In base 9, what is 381 - 48?
332
In base 5, what is -423013 + -11?
-423024
In base 16, what is b2 - -49?
fb
In base 13, what is 66 + 1c8?
261
In base 16, what is -1f + 114?
f5
In base 12, what is -2 - -929?
927
In base 11, what is -695a - 8?
-6967
In base 3, what is 1102101122 - -2?
1102101201
In base 4, what is 3 - 13232103?
-13232100
In base 5, what is 43 - -140421?
141014
In base 8, what is 277104 - -4?
277110
In base 14, what is 22 - -416cd?
41711
In base 6, what is -132131 + -10?
-132141
In base 15, what is -2e522 + 3?
-2e51e
In base 15, what is 3b2c3 - 3?
3b2c0
In base 2, what is 10010100111 - -101111?
10011010110
In base 3, what is -221202121220 - 10?
-221202122000
In base 3, what is -1022 - 11112100201?
-11112102000
In base 15, what is 41 - -1001?
1042
In base 4, what is -31032111 + 0?
-31032111
In base 11, what is -106aa + 8?
-106a2
In base 6, what is 101035 - 4054?
52541
In base 13, what is -3 - -112715?
112712
In base 7, what is -4 + 322464?
322460
In base 8, what is -430225 - -5?
-430220
In base 4, what is 202213 - 320?
201233
In base 13, what is -2 - -5cb28?
5cb26
In base 5, what is -120 + 1233041?
1232421
In base 2, what is -100001010111 - -1000001110?
-11001001001
In base 13, what is 15151 - 4?
1514a
In base 6, what is 4 + 10320120?
10320124
In base 13, what is -28552 + -1?
-28553
In base 12, what is 21 + 581?
5a2
In base 3, what is 100 + -21220120?
-21220020
In base 13, what is -b589 + 1?
-b588
In base 9, what is 108618 + -4?
108614
In base 11, what is 2 - -19106?
19108
In base 2, what is 100010011 + -10110000110?
-10001110011
In base 13, what is 3a - 7172?
-7135
In base 11, what is 912919 + 3?
912921
In base 15, what is -16a + -6d6?
-851
In base 12, what is 1 - 31507?
-31506
In base 8, what is 351 + -125?
224
In base 16, what is -173cf7 - -2?
-173cf5
In base 9, what is -2 + 217555?
217553
In base 13, what is -8 + -3039?
-3044
In base 4, what is 0 - -2120122323?
2120122323
In base 15, what is -1651a + 1?
-16519
In base 9, what is -342717 + -3?
-342721
In base 2, what is -11 - 111001101010111011?
-111001101010111110
In base 14, what is 57 + -39c5?
-396c
In base 14, what is -1c0 + 3801?
3621
In base 12, what is -16 + b802?
b7a8
In base 4, what is 33232310 + 10?
33232320
In base 8, what is 4 + 76345?
76351
In base 16, what is 1e0e + -2?
1e0c
In base 8, what is -1 - 102661?
-102662
In base 7, what is 222504 + 2?
222506
In base 14, what is -2798 + 8?
-2790
In base 2, what is 100011111010001101 + -10?
100011111010001011
In base 11, what is 6 - -7911?
7917
In base 9, what is -53262 + -1?
-53263
In base 9, what is 1033 + 5667?
6711
In base 14, what is -8 - 183b7?
-183c1
In base 4, what is 2132321 - -10102?
2203023
In base 11, what is 2 - 199aa?
-199a8
In base 13, what is -80 - 1645?
-16c5
In base 2, what is 10110 - 101110110010010?
-101110101111100
In base 11, what is -117 + -3120?
-3237
In base 3, what is 11 - 2100101211?
-2100101200
In base 3, what is 101201122222 + -11?
101201122211
In base 16, what is 4b4a7 - 2?
4b4a5
In base 2, what is -10111010 + 1100011100?
1001100010
In base 4, what is -1131 + -113?
-1310
In base 8, what is 226 + 4206?
4434
In base 8, what is 102064 + -144?
101720
In base 14, what is -23 - -d3?
b0
In base 13, what is -bb97 - -1?
-bb96
In base 6, what is -1240 - 40321?
-42001
In base 4, what is 1020312320 + 20?
1020313000
In base 12, what is 4 + 7728a?
77292
In base 11, what is 18 + 830?
848
In base 7, what is -2203 + 233?
-1640
In base 8, what is -66513 - -6?
-66505
In base 16, what is 5 - 2e49?
-2e44
In base 15, what is -101 + -d0?
-1d1
In base 5, what is 13224 + 10303?
24032
In base 11, what is 26a24 + 2?
26a26
In base 9, what is -4 + -554581?
-554585
In base 5, what is 220 + 24402?
30122
In base 3, what is -222120001111 + 2?
-222120001102
In base 7, what is 2535344 + 0?
2535344
In base 2, what is -10111111010110101 + 1?
-10111111010110100
In base 5, what is 21 + 323?
344
In base 11, what is -904611 + -2?
-904613
In base 7, what is 634150 + -13?
634134
In base 15, what is 1 - 288?
-287
In base 10, what is 4723 - 126?
4597
In base 15, what is 0 + 25ed?
25ed
In base 14, what is da7 - 9?
d9c
In base 11, what is -3a29 - 0?
-3a29
In base 7, what is 202063 + -3?
202060
In base 8, what is -47603 - -1?
-47602
In base 4, what is -223222 + 1?
-223221
In base 7, what is -3 + 1664056?
1664053
In base 9, what is -6163 - 73?
-6246
In base 14, what is 10b423 - -1?
10b424
In base 5, what is -300223440 + -12?
-300224002
In base 10, what is -